{"id":2669,"date":"2022-10-02T20:07:21","date_gmt":"2022-10-03T00:07:21","guid":{"rendered":"http:\/\/dev.angetkoutchi.com\/dev\/?post_type=sites-musees&#038;p=2669"},"modified":"2023-05-24T07:05:11","modified_gmt":"2023-05-24T11:05:11","slug":"espace-museal-aime-cesaire","status":"publish","type":"sites-musees","link":"http:\/\/dev.angetkoutchi.com\/dev\/sites-musees\/espace-museal-aime-cesaire\/","title":{"rendered":"Espace Mus\u00e9al Aim\u00e9 C\u00e9saire"},"content":{"rendered":"","protected":false},"featured_media":2674,"template":"","meta":{"_tec_requires_first_save":true,"_EventAllDay":false,"_EventTimezone":"","_EventStartDate":"","_EventEndDate":"","_EventStartDateUTC":"","_EventEndDateUTC":"","_EventShowMap":false,"_EventShowMapLink":false,"_EventURL":"","_EventCost":"","_EventCostDescription":"","_EventCurrencySymbol":"","_EventCurrencyCode":"","_EventCurrencyPosition":"","_EventDateTimeSeparator":"","_EventTimeRangeSeparator":"","_EventOrganizerID":[],"_EventVenueID":[],"_OrganizerEmail":"","_OrganizerPhone":"","_OrganizerWebsite":"","_VenueAddress":"","_VenueCity":"","_VenueCountry":"","_VenueProvince":"","_VenueState":"","_VenueZip":"","_VenuePhone":"","_VenueURL":"","_VenueStateProvince":"","_VenueLat":"","_VenueLng":"","_VenueShowMap":false,"_VenueShowMapLink":false,"_tribe_blocks_recurrence_rules":"","_tribe_blocks_recurrence_description":"","_tribe_blocks_recurrence_exclusions":""},"categories":[14,51],"acf":[],"yoast_head":"<!-- This site is optimized with the Yoast SEO plugin v21.7 - https:\/\/yoast.com\/wordpress\/plugins\/seo\/ -->\n<title>Espace Mus\u00e9al Aim\u00e9 C\u00e9saire - Tourisme centre Martinique<\/title>\n<meta name=\"description\" content=\"Un espace m\u00e9moriel consacr\u00e9 \u00e0 la grandeur d&#039;Aim\u00e9 C\u00e9saire, Homme de lettres et politique martiniquais (1913 \u2013 2008).\" \/>\n<meta name=\"robots\" content=\"index, follow, max-snippet:-1, max-image-preview:large, max-video-preview:-1\" \/>\n<link rel=\"canonical\" href=\"http:\/\/dev.angetkoutchi.com\/dev\/sites-musees\/espace-museal-aime-cesaire\/\" \/>\n<meta property=\"og:locale\" content=\"fr_FR\" \/>\n<meta property=\"og:type\" content=\"article\" \/>\n<meta property=\"og:title\" content=\"Espace Mus\u00e9al Aim\u00e9 C\u00e9saire - Tourisme centre Martinique\" \/>\n<meta property=\"og:description\" content=\"Un espace m\u00e9moriel consacr\u00e9 \u00e0 la grandeur d&#039;Aim\u00e9 C\u00e9saire, Homme de lettres et politique martiniquais (1913 \u2013 2008).\" \/>\n<meta property=\"og:url\" content=\"http:\/\/dev.angetkoutchi.com\/dev\/sites-musees\/espace-museal-aime-cesaire\/\" \/>\n<meta property=\"og:site_name\" content=\"Tourisme centre Martinique\" \/>\n<meta property=\"article:modified_time\" content=\"2023-05-24T11:05:11+00:00\" \/>\n<meta property=\"og:image\" content=\"http:\/\/dev.angetkoutchi.com\/dev\/wp-content\/uploads\/2022\/10\/BUREAU-AIME-CESAIRE-EMAC.jpg\" \/>\n\t<meta property=\"og:image:width\" content=\"1459\" \/>\n\t<meta property=\"og:image:height\" content=\"540\" \/>\n\t<meta property=\"og:image:type\" content=\"image\/jpeg\" \/>\n<meta name=\"twitter:card\" content=\"summary_large_image\" \/>\n<script type=\"application\/ld+json\" class=\"yoast-schema-graph\">{\"@context\":\"https:\/\/schema.org\",\"@graph\":[{\"@type\":\"WebPage\",\"@id\":\"http:\/\/dev.angetkoutchi.com\/dev\/sites-musees\/espace-museal-aime-cesaire\/\",\"url\":\"http:\/\/dev.angetkoutchi.com\/dev\/sites-musees\/espace-museal-aime-cesaire\/\",\"name\":\"Espace Mus\u00e9al Aim\u00e9 C\u00e9saire - Tourisme centre Martinique\",\"isPartOf\":{\"@id\":\"http:\/\/dev.angetkoutchi.com\/dev\/#website\"},\"datePublished\":\"2022-10-03T00:07:21+00:00\",\"dateModified\":\"2023-05-24T11:05:11+00:00\",\"description\":\"Un espace m\u00e9moriel consacr\u00e9 \u00e0 la grandeur d'Aim\u00e9 C\u00e9saire, Homme de lettres et politique martiniquais (1913 \u2013 2008).\",\"breadcrumb\":{\"@id\":\"http:\/\/dev.angetkoutchi.com\/dev\/sites-musees\/espace-museal-aime-cesaire\/#breadcrumb\"},\"inLanguage\":\"fr-FR\",\"potentialAction\":[{\"@type\":\"ReadAction\",\"target\":[\"http:\/\/dev.angetkoutchi.com\/dev\/sites-musees\/espace-museal-aime-cesaire\/\"]}]},{\"@type\":\"BreadcrumbList\",\"@id\":\"http:\/\/dev.angetkoutchi.com\/dev\/sites-musees\/espace-museal-aime-cesaire\/#breadcrumb\",\"itemListElement\":[{\"@type\":\"ListItem\",\"position\":1,\"name\":\"Accueil\",\"item\":\"http:\/\/dev.angetkoutchi.com\/dev\/\"},{\"@type\":\"ListItem\",\"position\":2,\"name\":\"Espace Mus\u00e9al Aim\u00e9 C\u00e9saire\"}]},{\"@type\":\"WebSite\",\"@id\":\"http:\/\/dev.angetkoutchi.com\/dev\/#website\",\"url\":\"http:\/\/dev.angetkoutchi.com\/dev\/\",\"name\":\"Tourisme centre Martinique\",\"description\":\"Bienvenue dans le Centre de la Martinique\",\"publisher\":{\"@id\":\"http:\/\/dev.angetkoutchi.com\/dev\/#organization\"},\"potentialAction\":[{\"@type\":\"SearchAction\",\"target\":{\"@type\":\"EntryPoint\",\"urlTemplate\":\"http:\/\/dev.angetkoutchi.com\/dev\/?s={search_term_string}\"},\"query-input\":\"required name=search_term_string\"}],\"inLanguage\":\"fr-FR\"},{\"@type\":\"Organization\",\"@id\":\"http:\/\/dev.angetkoutchi.com\/dev\/#organization\",\"name\":\"Tourisme centre Martinique\",\"url\":\"http:\/\/dev.angetkoutchi.com\/dev\/\",\"logo\":{\"@type\":\"ImageObject\",\"inLanguage\":\"fr-FR\",\"@id\":\"http:\/\/dev.angetkoutchi.com\/dev\/#\/schema\/logo\/image\/\",\"url\":\"http:\/\/dev.angetkoutchi.com\/dev\/wp-content\/uploads\/2022\/05\/logo-OTCM--scaled.jpg\",\"contentUrl\":\"http:\/\/dev.angetkoutchi.com\/dev\/wp-content\/uploads\/2022\/05\/logo-OTCM--scaled.jpg\",\"width\":2560,\"height\":2560,\"caption\":\"Tourisme centre Martinique\"},\"image\":{\"@id\":\"http:\/\/dev.angetkoutchi.com\/dev\/#\/schema\/logo\/image\/\"}}]}<\/script>\n<!-- \/ Yoast SEO plugin. -->","yoast_head_json":{"title":"Espace Mus\u00e9al Aim\u00e9 C\u00e9saire - Tourisme centre Martinique","description":"Un espace m\u00e9moriel consacr\u00e9 \u00e0 la grandeur d'Aim\u00e9 C\u00e9saire, Homme de lettres et politique martiniquais (1913 \u2013 2008).","robots":{"index":"index","follow":"follow","max-snippet":"max-snippet:-1","max-image-preview":"max-image-preview:large","max-video-preview":"max-video-preview:-1"},"canonical":"http:\/\/dev.angetkoutchi.com\/dev\/sites-musees\/espace-museal-aime-cesaire\/","og_locale":"fr_FR","og_type":"article","og_title":"Espace Mus\u00e9al Aim\u00e9 C\u00e9saire - Tourisme centre Martinique","og_description":"Un espace m\u00e9moriel consacr\u00e9 \u00e0 la grandeur d'Aim\u00e9 C\u00e9saire, Homme de lettres et politique martiniquais (1913 \u2013 2008).","og_url":"http:\/\/dev.angetkoutchi.com\/dev\/sites-musees\/espace-museal-aime-cesaire\/","og_site_name":"Tourisme centre Martinique","article_modified_time":"2023-05-24T11:05:11+00:00","og_image":[{"width":1459,"height":540,"url":"http:\/\/dev.angetkoutchi.com\/dev\/wp-content\/uploads\/2022\/10\/BUREAU-AIME-CESAIRE-EMAC.jpg","type":"image\/jpeg"}],"twitter_card":"summary_large_image","schema":{"@context":"https:\/\/schema.org","@graph":[{"@type":"WebPage","@id":"http:\/\/dev.angetkoutchi.com\/dev\/sites-musees\/espace-museal-aime-cesaire\/","url":"http:\/\/dev.angetkoutchi.com\/dev\/sites-musees\/espace-museal-aime-cesaire\/","name":"Espace Mus\u00e9al Aim\u00e9 C\u00e9saire - Tourisme centre Martinique","isPartOf":{"@id":"http:\/\/dev.angetkoutchi.com\/dev\/#website"},"datePublished":"2022-10-03T00:07:21+00:00","dateModified":"2023-05-24T11:05:11+00:00","description":"Un espace m\u00e9moriel consacr\u00e9 \u00e0 la grandeur d'Aim\u00e9 C\u00e9saire, Homme de lettres et politique martiniquais (1913 \u2013 2008).","breadcrumb":{"@id":"http:\/\/dev.angetkoutchi.com\/dev\/sites-musees\/espace-museal-aime-cesaire\/#breadcrumb"},"inLanguage":"fr-FR","potentialAction":[{"@type":"ReadAction","target":["http:\/\/dev.angetkoutchi.com\/dev\/sites-musees\/espace-museal-aime-cesaire\/"]}]},{"@type":"BreadcrumbList","@id":"http:\/\/dev.angetkoutchi.com\/dev\/sites-musees\/espace-museal-aime-cesaire\/#breadcrumb","itemListElement":[{"@type":"ListItem","position":1,"name":"Accueil","item":"http:\/\/dev.angetkoutchi.com\/dev\/"},{"@type":"ListItem","position":2,"name":"Espace Mus\u00e9al Aim\u00e9 C\u00e9saire"}]},{"@type":"WebSite","@id":"http:\/\/dev.angetkoutchi.com\/dev\/#website","url":"http:\/\/dev.angetkoutchi.com\/dev\/","name":"Tourisme centre Martinique","description":"Bienvenue dans le Centre de la Martinique","publisher":{"@id":"http:\/\/dev.angetkoutchi.com\/dev\/#organization"},"potentialAction":[{"@type":"SearchAction","target":{"@type":"EntryPoint","urlTemplate":"http:\/\/dev.angetkoutchi.com\/dev\/?s={search_term_string}"},"query-input":"required name=search_term_string"}],"inLanguage":"fr-FR"},{"@type":"Organization","@id":"http:\/\/dev.angetkoutchi.com\/dev\/#organization","name":"Tourisme centre Martinique","url":"http:\/\/dev.angetkoutchi.com\/dev\/","logo":{"@type":"ImageObject","inLanguage":"fr-FR","@id":"http:\/\/dev.angetkoutchi.com\/dev\/#\/schema\/logo\/image\/","url":"http:\/\/dev.angetkoutchi.com\/dev\/wp-content\/uploads\/2022\/05\/logo-OTCM--scaled.jpg","contentUrl":"http:\/\/dev.angetkoutchi.com\/dev\/wp-content\/uploads\/2022\/05\/logo-OTCM--scaled.jpg","width":2560,"height":2560,"caption":"Tourisme centre Martinique"},"image":{"@id":"http:\/\/dev.angetkoutchi.com\/dev\/#\/schema\/logo\/image\/"}}]}},"_links":{"self":[{"href":"http:\/\/dev.angetkoutchi.com\/dev\/wp-json\/wp\/v2\/sites-musees\/2669"}],"collection":[{"href":"http:\/\/dev.angetkoutchi.com\/dev\/wp-json\/wp\/v2\/sites-musees"}],"about":[{"href":"http:\/\/dev.angetkoutchi.com\/dev\/wp-json\/wp\/v2\/types\/sites-musees"}],"wp:featuredmedia":[{"embeddable":true,"href":"http:\/\/dev.angetkoutchi.com\/dev\/wp-json\/wp\/v2\/media\/2674"}],"wp:attachment":[{"href":"http:\/\/dev.angetkoutchi.com\/dev\/wp-json\/wp\/v2\/media?parent=2669"}],"wp:term":[{"taxonomy":"category","embeddable":true,"href":"http:\/\/dev.angetkoutchi.com\/dev\/wp-json\/wp\/v2\/categories?post=2669"}],"curies":[{"name":"wp","href":"https:\/\/api.w.org\/{rel}","templated":true}]}}

Espace Muséal Aimé Césaire

<!-- This site is optimized with the Yoast SEO plugin v21.7 - https://yoast.com/wordpress/plugins/seo/ -->
<title>Espace Muséal Aimé Césaire - Tourisme centre Martinique</title>
<meta name="description" content="Un espace mémoriel consacré à la grandeur d&#039;Aimé Césaire, Homme de lettres et politique martiniquais (1913 – 2008)." />
<meta name="robots" content="index, follow, max-snippet:-1, max-image-preview:large, max-video-preview:-1" />
<link rel="canonical" href="http://dev.angetkoutchi.com/dev/sites-musees/espace-museal-aime-cesaire/" />
<meta property="og:locale" content="fr_FR" />
<meta property="og:type" content="article" />
<meta property="og:title" content="Espace Muséal Aimé Césaire - Tourisme centre Martinique" />
<meta property="og:description" content="Un espace mémoriel consacré à la grandeur d&#039;Aimé Césaire, Homme de lettres et politique martiniquais (1913 – 2008)." />
<meta property="og:url" content="http://dev.angetkoutchi.com/dev/sites-musees/espace-museal-aime-cesaire/" />
<meta property="og:site_name" content="Tourisme centre Martinique" />
<meta property="article:modified_time" content="2023-05-24T11:05:11+00:00" />
<meta property="og:image" content="http://dev.angetkoutchi.com/dev/wp-content/uploads/2022/10/BUREAU-AIME-CESAIRE-EMAC.jpg" />
	<meta property="og:image:width" content="1459" />
	<meta property="og:image:height" content="540" />
	<meta property="og:image:type" content="image/jpeg" />
<meta name="twitter:card" content="summary_large_image" />
<script type="application/ld+json" class="yoast-schema-graph">{"@context":"https://schema.org","@graph":[{"@type":"WebPage","@id":"http://dev.angetkoutchi.com/dev/sites-musees/espace-museal-aime-cesaire/","url":"http://dev.angetkoutchi.com/dev/sites-musees/espace-museal-aime-cesaire/","name":"Espace Muséal Aimé Césaire - Tourisme centre Martinique","isPartOf":{"@id":"http://dev.angetkoutchi.com/dev/#website"},"datePublished":"2022-10-03T00:07:21+00:00","dateModified":"2023-05-24T11:05:11+00:00","description":"Un espace mémoriel consacré à la grandeur d'Aimé Césaire, Homme de lettres et politique martiniquais (1913 – 2008).","breadcrumb":{"@id":"http://dev.angetkoutchi.com/dev/sites-musees/espace-museal-aime-cesaire/#breadcrumb"},"inLanguage":"fr-FR","potentialAction":[{"@type":"ReadAction","target":["http://dev.angetkoutchi.com/dev/sites-musees/espace-museal-aime-cesaire/"]}]},{"@type":"BreadcrumbList","@id":"http://dev.angetkoutchi.com/dev/sites-musees/espace-museal-aime-cesaire/#breadcrumb","itemListElement":[{"@type":"ListItem","position":1,"name":"Accueil","item":"http://dev.angetkoutchi.com/dev/"},{"@type":"ListItem","position":2,"name":"Espace Muséal Aimé Césaire"}]},{"@type":"WebSite","@id":"http://dev.angetkoutchi.com/dev/#website","url":"http://dev.angetkoutchi.com/dev/","name":"Tourisme centre Martinique","description":"Bienvenue dans le Centre de la Martinique","publisher":{"@id":"http://dev.angetkoutchi.com/dev/#organization"},"potentialAction":[{"@type":"SearchAction","target":{"@type":"EntryPoint","urlTemplate":"http://dev.angetkoutchi.com/dev/?s={search_term_string}"},"query-input":"required name=search_term_string"}],"inLanguage":"fr-FR"},{"@type":"Organization","@id":"http://dev.angetkoutchi.com/dev/#organization","name":"Tourisme centre Martinique","url":"http://dev.angetkoutchi.com/dev/","logo":{"@type":"ImageObject","inLanguage":"fr-FR","@id":"http://dev.angetkoutchi.com/dev/#/schema/logo/image/","url":"http://dev.angetkoutchi.com/dev/wp-content/uploads/2022/05/logo-OTCM--scaled.jpg","contentUrl":"http://dev.angetkoutchi.com/dev/wp-content/uploads/2022/05/logo-OTCM--scaled.jpg","width":2560,"height":2560,"caption":"Tourisme centre Martinique"},"image":{"@id":"http://dev.angetkoutchi.com/dev/#/schema/logo/image/"}}]}</script>
<!-- / Yoast SEO plugin. -->

Espace Muséal Aimé Césaire - Tourisme centre Martinique

Un espace mémoriel consacré à la grandeur d'Aimé Césaire, Homme de lettres et politique martiniquais (1913 – 2008).
